{"id":1873,"date":"2026-02-25T22:03:51","date_gmt":"2026-02-25T22:03:51","guid":{"rendered":"https:\/\/amoran.net\/?page_id=1873"},"modified":"2026-02-25T22:03:51","modified_gmt":"2026-02-25T22:03:51","slug":"e-book-guia-pratico-de-seguranca-condominial-prevencao-rotinas-e-protocolos-para-sindicos-e-moradores","status":"publish","type":"page","link":"https:\/\/amoran.net\/?page_id=1873","title":{"rendered":"E book &#8211; Guia Pr\u00e1tico de Seguran\u00e7a Condominial:  Preven\u00e7\u00e3o, Rotinas e Protocolos para S\u00edndicos e Moradores"},"content":{"rendered":"<p><iframe loading=\"lazy\" src=\"https:\/\/docs.google.com\/forms\/d\/e\/1FAIpQLSeqeC--Cxx5APIjJDh4dgMFGbP4KChT9x96o5FzewE6GKwgyg\/viewform?embedded=true\" width=\"800\" height=\"2249\" frameborder=\"0\" marginwidth=\"0\" marginheight=\"0\">Carregando\u2026<\/iframe><\/p>\n","protected":false},"excerpt":{"rendered":"<p>Carregando\u2026<\/p>\n","protected":false},"author":2,"featured_media":0,"parent":0,"menu_order":0,"comment_status":"closed","ping_status":"closed","template":"","meta":[],"_links":{"self":[{"href":"https:\/\/amoran.net\/index.php?rest_route=\/wp\/v2\/pages\/1873"}],"collection":[{"href":"https:\/\/amoran.net\/index.php?rest_route=\/wp\/v2\/pages"}],"about":[{"href":"https:\/\/amoran.net\/index.php?rest_route=\/wp\/v2\/types\/page"}],"author":[{"embeddable":true,"href":"https:\/\/amoran.net\/index.php?rest_route=\/wp\/v2\/users\/2"}],"replies":[{"embeddable":true,"href":"https:\/\/amoran.net\/index.php?rest_route=%2Fwp%2Fv2%2Fcomments&post=1873"}],"version-history":[{"count":1,"href":"https:\/\/amoran.net\/index.php?rest_route=\/wp\/v2\/pages\/1873\/revisions"}],"predecessor-version":[{"id":1874,"href":"https:\/\/amoran.net\/index.php?rest_route=\/wp\/v2\/pages\/1873\/revisions\/1874"}],"wp:attachment":[{"href":"https:\/\/amoran.net\/index.php?rest_route=%2Fwp%2Fv2%2Fmedia&parent=1873"}],"curies":[{"name":"wp","href":"https:\/\/api.w.org\/{rel}","templated":true}]}}